{"id":6570,"date":"2025-08-28T10:32:05","date_gmt":"2025-08-28T08:32:05","guid":{"rendered":"https:\/\/pigyki.fr\/?page_id=6570"},"modified":"2025-08-28T10:32:05","modified_gmt":"2025-08-28T08:32:05","slug":"casovnica","status":"publish","type":"page","link":"https:\/\/pigyki.fr\/index.php\/sl\/casovnica\/","title":{"rendered":"\u010casovnica"},"content":{"rendered":"\n<p>Vedno je zanimivo umestiti skladatelja v zgodovino glasbe, ne le v velika obdobja, ki so poudarjena v prvi tabeli, ampak tudi v primerjavi z drugimi skladatelji njegovega \u010dasa.<br>V ve\u010d kot \u0161estdesetih \u010dlankih, objavljenih v moji rubriki \u00bb\u00c9coutes musicales\u00ab, sem vsaki\u010d predstavil drugega skladatelja, razen v redkih izjemah. Ti skladatelji so navedeni v \u010dasovnem pregledu, ki ga lahko odprete s klikom na spodnjo tabelo.<\/p>\n\n\n\n<p style=\"font-size:16px\"><em>Prosimo, oprostite prisotnost oglasov okoli slike&#8230; to je cena, ki jo je treba pla\u010dati za dobro brezpla\u010dno aplikacijo!<\/em><\/p>\n\n\n<div class=\"wp-block-image\">\n<figure class=\"aligncenter size-full is-resized\"><a href=\"https:\/\/www.timetoast.com\/timelines\/3117419\" target=\"_blank\" rel=\"noreferrer noopener\"><img loading=\"lazy\" decoding=\"async\" width=\"380\" height=\"133\" src=\"https:\/\/pigyki.fr\/wp-content\/uploads\/2024\/11\/images.png\" alt=\"\" class=\"wp-image-3622\" style=\"width:944px;height:auto\" srcset=\"https:\/\/pigyki.fr\/wp-content\/uploads\/2024\/11\/images.png 380w, https:\/\/pigyki.fr\/wp-content\/uploads\/2024\/11\/images-300x105.png 300w, https:\/\/pigyki.fr\/wp-content\/uploads\/2024\/11\/images-281x98.png 281w\" sizes=\"auto, (max-width: 380px) 100vw, 380px\" \/><\/a><\/figure>\n<\/div>\n\n\n<h4 class=\"wp-block-heading\">\u201e\u010casovnica\u201c navodila za uporabo<\/h4>\n\n\n\n<p>Na strani, ki se odpre na spletnem mestu \u201ewww.timetoast.com\u201c, izberite prikaz \u201eTimeline\u201c namesto \u201eList\u201c desno pod naslovom, poleg tega pa izberite \u201eFullscreen mode\u201c, da lahko z drsnikom spodaj pomanj\u0161ate ali pove\u010date tabelo.<\/p>\n\n\n\n<ul class=\"wp-block-list\">\n<li>S klikom na ime skladatelja se odpre pogovorno okno s povezavami.<\/li>\n\n\n\n<li>S klikom na ime se odpre zavihka z njegovim portretom.<\/li>\n\n\n\n<li>S klikom na posnetke se odprejo povezave do spletne strani.<\/li>\n\n\n\n<li>S klikom na naslov dela pa se odpre glasbeni izsek.<\/li>\n<\/ul>\n\n\n\n<hr class=\"wp-block-separator has-alpha-channel-opacity\"\/>\n","protected":false},"excerpt":{"rendered":"<p>Vedno je zanimivo umestiti skladatelja v zgodovino glasbe, ne le v velika obdobja, ki so poudarjena v prvi tabeli, ampak tudi v primerjavi z drugimi skladatelji njegovega \u010dasa.V ve\u010d kot &hellip;<\/p>\n","protected":false},"author":1,"featured_media":3631,"parent":0,"menu_order":0,"comment_status":"closed","ping_status":"closed","template":"","meta":{"rop_custom_images_group":[],"rop_custom_messages_group":[],"rop_publish_now":"initial","rop_publish_now_accounts":[],"rop_publish_now_history":[],"rop_publish_now_status":"pending","footnotes":""},"class_list":["post-6570","page","type-page","status-publish","has-post-thumbnail","hentry"],"yoast_head":"<!-- This site is optimized with the Yoast SEO plugin v27.4 - https:\/\/yoast.com\/product\/yoast-seo-wordpress\/ -->\n<title>% \u010casovnica - Pigyki<\/title>\n<meta name=\"description\" content=\"\u010casovni pregled (Timeline) skladateljev, predstavljenih v glasbenih posnetkih na spletni strani za pedago\u0161ke namene in splo\u0161no kulturo.\" \/>\n<meta name=\"robots\" content=\"index, follow, max-snippet:-1, max-image-preview:large, max-video-preview:-1\" \/>\n<link rel=\"canonical\" href=\"https:\/\/pigyki.fr\/index.php\/sl\/casovnica\/\" \/>\n<meta property=\"og:locale\" content=\"fr_FR\" \/>\n<meta property=\"og:type\" content=\"article\" \/>\n<meta property=\"og:title\" content=\"% \u010casovnica - Pigyki\" \/>\n<meta property=\"og:description\" content=\"\u010casovni pregled (Timeline) skladateljev, predstavljenih v glasbenih posnetkih na spletni strani za pedago\u0161ke namene in splo\u0161no kulturo.\" \/>\n<meta property=\"og:url\" content=\"https:\/\/pigyki.fr\/index.php\/sl\/casovnica\/\" \/>\n<meta property=\"og:site_name\" content=\"Pigyki\" \/>\n<meta property=\"og:image\" content=\"https:\/\/pigyki.fr\/wp-content\/uploads\/2024\/11\/7aa943481d13195dbe96e8b46212b582.jpg\" \/>\n\t<meta property=\"og:image:width\" content=\"735\" \/>\n\t<meta property=\"og:image:height\" content=\"552\" \/>\n\t<meta property=\"og:image:type\" content=\"image\/jpeg\" \/>\n<meta name=\"twitter:card\" content=\"summary_large_image\" \/>\n<meta name=\"twitter:label1\" content=\"Dur\u00e9e de lecture estim\u00e9e\" \/>\n\t<meta name=\"twitter:data1\" content=\"2 minutes\" \/>\n<script type=\"application\/ld+json\" class=\"yoast-schema-graph\">{\"@context\":\"https:\\\/\\\/schema.org\",\"@graph\":[{\"@type\":\"WebPage\",\"@id\":\"https:\\\/\\\/pigyki.fr\\\/index.php\\\/sl\\\/casovnica\\\/\",\"url\":\"https:\\\/\\\/pigyki.fr\\\/index.php\\\/sl\\\/casovnica\\\/\",\"name\":\"% \u010casovnica - Pigyki\",\"isPartOf\":{\"@id\":\"https:\\\/\\\/pigyki.fr\\\/#website\"},\"primaryImageOfPage\":{\"@id\":\"https:\\\/\\\/pigyki.fr\\\/index.php\\\/sl\\\/casovnica\\\/#primaryimage\"},\"image\":{\"@id\":\"https:\\\/\\\/pigyki.fr\\\/index.php\\\/sl\\\/casovnica\\\/#primaryimage\"},\"thumbnailUrl\":\"https:\\\/\\\/pigyki.fr\\\/wp-content\\\/uploads\\\/2024\\\/11\\\/7aa943481d13195dbe96e8b46212b582.jpg\",\"datePublished\":\"2025-08-28T08:32:05+00:00\",\"description\":\"\u010casovni pregled (Timeline) skladateljev, predstavljenih v glasbenih posnetkih na spletni strani za pedago\u0161ke namene in splo\u0161no kulturo.\",\"breadcrumb\":{\"@id\":\"https:\\\/\\\/pigyki.fr\\\/index.php\\\/sl\\\/casovnica\\\/#breadcrumb\"},\"inLanguage\":\"fr-FR\",\"potentialAction\":[{\"@type\":\"ReadAction\",\"target\":[\"https:\\\/\\\/pigyki.fr\\\/index.php\\\/sl\\\/casovnica\\\/\"]}]},{\"@type\":\"ImageObject\",\"inLanguage\":\"fr-FR\",\"@id\":\"https:\\\/\\\/pigyki.fr\\\/index.php\\\/sl\\\/casovnica\\\/#primaryimage\",\"url\":\"https:\\\/\\\/pigyki.fr\\\/wp-content\\\/uploads\\\/2024\\\/11\\\/7aa943481d13195dbe96e8b46212b582.jpg\",\"contentUrl\":\"https:\\\/\\\/pigyki.fr\\\/wp-content\\\/uploads\\\/2024\\\/11\\\/7aa943481d13195dbe96e8b46212b582.jpg\",\"width\":735,\"height\":552},{\"@type\":\"BreadcrumbList\",\"@id\":\"https:\\\/\\\/pigyki.fr\\\/index.php\\\/sl\\\/casovnica\\\/#breadcrumb\",\"itemListElement\":[{\"@type\":\"ListItem\",\"position\":1,\"name\":\"Accueil\",\"item\":\"https:\\\/\\\/pigyki.fr\\\/\"},{\"@type\":\"ListItem\",\"position\":2,\"name\":\"\u010casovnica\"}]},{\"@type\":\"WebSite\",\"@id\":\"https:\\\/\\\/pigyki.fr\\\/#website\",\"url\":\"https:\\\/\\\/pigyki.fr\\\/\",\"name\":\"Pigyki\",\"description\":\"C.L. al fine\",\"publisher\":{\"@id\":\"https:\\\/\\\/pigyki.fr\\\/#\\\/schema\\\/person\\\/69b76bc8a17bddaf3ffd40d3cc9a4161\"},\"potentialAction\":[{\"@type\":\"SearchAction\",\"target\":{\"@type\":\"EntryPoint\",\"urlTemplate\":\"https:\\\/\\\/pigyki.fr\\\/?s={search_term_string}\"},\"query-input\":{\"@type\":\"PropertyValueSpecification\",\"valueRequired\":true,\"valueName\":\"search_term_string\"}}],\"inLanguage\":\"fr-FR\"},{\"@type\":[\"Person\",\"Organization\"],\"@id\":\"https:\\\/\\\/pigyki.fr\\\/#\\\/schema\\\/person\\\/69b76bc8a17bddaf3ffd40d3cc9a4161\",\"name\":\"Pigyki\",\"image\":{\"@type\":\"ImageObject\",\"inLanguage\":\"fr-FR\",\"@id\":\"https:\\\/\\\/pigyki.fr\\\/wp-content\\\/uploads\\\/2023\\\/06\\\/Logo-CL.jpg\",\"url\":\"https:\\\/\\\/pigyki.fr\\\/wp-content\\\/uploads\\\/2023\\\/06\\\/Logo-CL.jpg\",\"contentUrl\":\"https:\\\/\\\/pigyki.fr\\\/wp-content\\\/uploads\\\/2023\\\/06\\\/Logo-CL.jpg\",\"width\":524,\"height\":586,\"caption\":\"Pigyki\"},\"logo\":{\"@id\":\"https:\\\/\\\/pigyki.fr\\\/wp-content\\\/uploads\\\/2023\\\/06\\\/Logo-CL.jpg\"},\"sameAs\":[\"http:\\\/\\\/pigyki.fr\"]}]}<\/script>\n<!-- \/ Yoast SEO plugin. -->","yoast_head_json":{"title":"% \u010casovnica - Pigyki","description":"\u010casovni pregled (Timeline) skladateljev, predstavljenih v glasbenih posnetkih na spletni strani za pedago\u0161ke namene in splo\u0161no kulturo.","robots":{"index":"index","follow":"follow","max-snippet":"max-snippet:-1","max-image-preview":"max-image-preview:large","max-video-preview":"max-video-preview:-1"},"canonical":"https:\/\/pigyki.fr\/index.php\/sl\/casovnica\/","og_locale":"fr_FR","og_type":"article","og_title":"% \u010casovnica - Pigyki","og_description":"\u010casovni pregled (Timeline) skladateljev, predstavljenih v glasbenih posnetkih na spletni strani za pedago\u0161ke namene in splo\u0161no kulturo.","og_url":"https:\/\/pigyki.fr\/index.php\/sl\/casovnica\/","og_site_name":"Pigyki","og_image":[{"width":735,"height":552,"url":"https:\/\/pigyki.fr\/wp-content\/uploads\/2024\/11\/7aa943481d13195dbe96e8b46212b582.jpg","type":"image\/jpeg"}],"twitter_card":"summary_large_image","twitter_misc":{"Dur\u00e9e de lecture estim\u00e9e":"2 minutes"},"schema":{"@context":"https:\/\/schema.org","@graph":[{"@type":"WebPage","@id":"https:\/\/pigyki.fr\/index.php\/sl\/casovnica\/","url":"https:\/\/pigyki.fr\/index.php\/sl\/casovnica\/","name":"% \u010casovnica - Pigyki","isPartOf":{"@id":"https:\/\/pigyki.fr\/#website"},"primaryImageOfPage":{"@id":"https:\/\/pigyki.fr\/index.php\/sl\/casovnica\/#primaryimage"},"image":{"@id":"https:\/\/pigyki.fr\/index.php\/sl\/casovnica\/#primaryimage"},"thumbnailUrl":"https:\/\/pigyki.fr\/wp-content\/uploads\/2024\/11\/7aa943481d13195dbe96e8b46212b582.jpg","datePublished":"2025-08-28T08:32:05+00:00","description":"\u010casovni pregled (Timeline) skladateljev, predstavljenih v glasbenih posnetkih na spletni strani za pedago\u0161ke namene in splo\u0161no kulturo.","breadcrumb":{"@id":"https:\/\/pigyki.fr\/index.php\/sl\/casovnica\/#breadcrumb"},"inLanguage":"fr-FR","potentialAction":[{"@type":"ReadAction","target":["https:\/\/pigyki.fr\/index.php\/sl\/casovnica\/"]}]},{"@type":"ImageObject","inLanguage":"fr-FR","@id":"https:\/\/pigyki.fr\/index.php\/sl\/casovnica\/#primaryimage","url":"https:\/\/pigyki.fr\/wp-content\/uploads\/2024\/11\/7aa943481d13195dbe96e8b46212b582.jpg","contentUrl":"https:\/\/pigyki.fr\/wp-content\/uploads\/2024\/11\/7aa943481d13195dbe96e8b46212b582.jpg","width":735,"height":552},{"@type":"BreadcrumbList","@id":"https:\/\/pigyki.fr\/index.php\/sl\/casovnica\/#breadcrumb","itemListElement":[{"@type":"ListItem","position":1,"name":"Accueil","item":"https:\/\/pigyki.fr\/"},{"@type":"ListItem","position":2,"name":"\u010casovnica"}]},{"@type":"WebSite","@id":"https:\/\/pigyki.fr\/#website","url":"https:\/\/pigyki.fr\/","name":"Pigyki","description":"C.L. al fine","publisher":{"@id":"https:\/\/pigyki.fr\/#\/schema\/person\/69b76bc8a17bddaf3ffd40d3cc9a4161"},"potentialAction":[{"@type":"SearchAction","target":{"@type":"EntryPoint","urlTemplate":"https:\/\/pigyki.fr\/?s={search_term_string}"},"query-input":{"@type":"PropertyValueSpecification","valueRequired":true,"valueName":"search_term_string"}}],"inLanguage":"fr-FR"},{"@type":["Person","Organization"],"@id":"https:\/\/pigyki.fr\/#\/schema\/person\/69b76bc8a17bddaf3ffd40d3cc9a4161","name":"Pigyki","image":{"@type":"ImageObject","inLanguage":"fr-FR","@id":"https:\/\/pigyki.fr\/wp-content\/uploads\/2023\/06\/Logo-CL.jpg","url":"https:\/\/pigyki.fr\/wp-content\/uploads\/2023\/06\/Logo-CL.jpg","contentUrl":"https:\/\/pigyki.fr\/wp-content\/uploads\/2023\/06\/Logo-CL.jpg","width":524,"height":586,"caption":"Pigyki"},"logo":{"@id":"https:\/\/pigyki.fr\/wp-content\/uploads\/2023\/06\/Logo-CL.jpg"},"sameAs":["http:\/\/pigyki.fr"]}]}},"_links":{"self":[{"href":"https:\/\/pigyki.fr\/index.php\/wp-json\/wp\/v2\/pages\/6570","targetHints":{"allow":["GET"]}}],"collection":[{"href":"https:\/\/pigyki.fr\/index.php\/wp-json\/wp\/v2\/pages"}],"about":[{"href":"https:\/\/pigyki.fr\/index.php\/wp-json\/wp\/v2\/types\/page"}],"author":[{"embeddable":true,"href":"https:\/\/pigyki.fr\/index.php\/wp-json\/wp\/v2\/users\/1"}],"replies":[{"embeddable":true,"href":"https:\/\/pigyki.fr\/index.php\/wp-json\/wp\/v2\/comments?post=6570"}],"version-history":[{"count":2,"href":"https:\/\/pigyki.fr\/index.php\/wp-json\/wp\/v2\/pages\/6570\/revisions"}],"predecessor-version":[{"id":6572,"href":"https:\/\/pigyki.fr\/index.php\/wp-json\/wp\/v2\/pages\/6570\/revisions\/6572"}],"wp:featuredmedia":[{"embeddable":true,"href":"https:\/\/pigyki.fr\/index.php\/wp-json\/wp\/v2\/media\/3631"}],"wp:attachment":[{"href":"https:\/\/pigyki.fr\/index.php\/wp-json\/wp\/v2\/media?parent=6570"}],"curies":[{"name":"wp","href":"https:\/\/api.w.org\/{rel}","templated":true}]}}