{"id":1708,"date":"2024-01-25T21:39:26","date_gmt":"2024-01-25T20:39:26","guid":{"rendered":"https:\/\/pigyki.fr\/?page_id=1708"},"modified":"2024-01-25T21:42:48","modified_gmt":"2024-01-25T20:42:48","slug":"contes-musicaux","status":"publish","type":"page","link":"https:\/\/pigyki.fr\/index.php\/contes-musicaux\/","title":{"rendered":"Contes musicaux"},"content":{"rendered":"\n<p>Voici deux des contes musicaux que j&rsquo;ai \u00e9crits pour mes \u00e9l\u00e8ves de Rym\u00e9a, donn\u00e9s en concert.<br>Je n&rsquo;ai malheureusement pas d&rsquo;enregistrements des 5 autres&#8230;<br>Et une chanson, enregistr\u00e9e lors de mon dernier concert en 2020 : \u00ab\u00a0Le brouillard\u00a0\u00bb.<\/p>\n\n\n\n<ul class=\"wp-block-list\">\n<li><strong><em><a href=\"https:\/\/youtu.be\/1s6ch7OiFMc\" target=\"_blank\" rel=\"noreferrer noopener\">Pigyki<\/a><\/em><\/strong><\/li>\n\n\n\n<li><strong><em><a href=\"https:\/\/youtu.be\/VRASF8mmF1U\" target=\"_blank\" rel=\"noreferrer noopener\">Tintinabulle<\/a><\/em><\/strong><\/li>\n\n\n\n<li><strong><em><a href=\"https:\/\/youtu.be\/KrQ_RH2t4jY\" target=\"_blank\" rel=\"noreferrer noopener\">Le brouillard<\/a><\/em><\/strong><\/li>\n<\/ul>\n","protected":false},"excerpt":{"rendered":"<p>Voici deux des contes musicaux que j&rsquo;ai \u00e9crits pour mes \u00e9l\u00e8ves de Rym\u00e9a, donn\u00e9s en concert.Je n&rsquo;ai malheureusement pas d&rsquo;enregistrements des 5 autres&#8230;Et une chanson, enregistr\u00e9e lors de mon dernier &hellip;<\/p>\n","protected":false},"author":1,"featured_media":1710,"parent":0,"menu_order":0,"comment_status":"closed","ping_status":"closed","template":"","meta":{"rop_custom_images_group":[],"rop_custom_messages_group":[],"rop_publish_now":"initial","rop_publish_now_accounts":[],"rop_publish_now_history":[],"rop_publish_now_status":"pending","footnotes":""},"class_list":["post-1708","page","type-page","status-publish","has-post-thumbnail","hentry"],"yoast_head":"<!-- This site is optimized with the Yoast SEO plugin v27.4 - https:\/\/yoast.com\/product\/yoast-seo-wordpress\/ -->\n<title>Contes musicaux - Pigyki<\/title>\n<meta name=\"robots\" content=\"index, follow, max-snippet:-1, max-image-preview:large, max-video-preview:-1\" \/>\n<link rel=\"canonical\" href=\"https:\/\/pigyki.fr\/index.php\/contes-musicaux\/\" \/>\n<meta property=\"og:locale\" content=\"fr_FR\" \/>\n<meta property=\"og:type\" content=\"article\" \/>\n<meta property=\"og:title\" content=\"Contes musicaux - Pigyki\" \/>\n<meta property=\"og:description\" content=\"Voici deux des contes musicaux que j&rsquo;ai \u00e9crits pour mes \u00e9l\u00e8ves de Rym\u00e9a, donn\u00e9s en concert.Je n&rsquo;ai malheureusement pas d&rsquo;enregistrements des 5 autres&#8230;Et une chanson, enregistr\u00e9e lors de mon dernier &hellip;\" \/>\n<meta property=\"og:url\" content=\"https:\/\/pigyki.fr\/index.php\/contes-musicaux\/\" \/>\n<meta property=\"og:site_name\" content=\"Pigyki\" \/>\n<meta property=\"article:modified_time\" content=\"2024-01-25T20:42:48+00:00\" \/>\n<meta property=\"og:image\" content=\"https:\/\/pigyki.fr\/wp-content\/uploads\/2024\/01\/Tintinabulle-e1706215358545.jpeg\" \/>\n\t<meta property=\"og:image:width\" content=\"320\" \/>\n\t<meta property=\"og:image:height\" content=\"127\" \/>\n\t<meta property=\"og:image:type\" content=\"image\/jpeg\" \/>\n<meta name=\"twitter:card\" content=\"summary_large_image\" \/>\n<meta name=\"twitter:label1\" content=\"Dur\u00e9e de lecture estim\u00e9e\" \/>\n\t<meta name=\"twitter:data1\" content=\"1 minute\" \/>\n<script type=\"application\/ld+json\" class=\"yoast-schema-graph\">{\"@context\":\"https:\\\/\\\/schema.org\",\"@graph\":[{\"@type\":\"WebPage\",\"@id\":\"https:\\\/\\\/pigyki.fr\\\/index.php\\\/contes-musicaux\\\/\",\"url\":\"https:\\\/\\\/pigyki.fr\\\/index.php\\\/contes-musicaux\\\/\",\"name\":\"Contes musicaux - Pigyki\",\"isPartOf\":{\"@id\":\"https:\\\/\\\/pigyki.fr\\\/#website\"},\"primaryImageOfPage\":{\"@id\":\"https:\\\/\\\/pigyki.fr\\\/index.php\\\/contes-musicaux\\\/#primaryimage\"},\"image\":{\"@id\":\"https:\\\/\\\/pigyki.fr\\\/index.php\\\/contes-musicaux\\\/#primaryimage\"},\"thumbnailUrl\":\"https:\\\/\\\/pigyki.fr\\\/wp-content\\\/uploads\\\/2024\\\/01\\\/Tintinabulle-e1706215358545.jpeg\",\"datePublished\":\"2024-01-25T20:39:26+00:00\",\"dateModified\":\"2024-01-25T20:42:48+00:00\",\"breadcrumb\":{\"@id\":\"https:\\\/\\\/pigyki.fr\\\/index.php\\\/contes-musicaux\\\/#breadcrumb\"},\"inLanguage\":\"fr-FR\",\"potentialAction\":[{\"@type\":\"ReadAction\",\"target\":[\"https:\\\/\\\/pigyki.fr\\\/index.php\\\/contes-musicaux\\\/\"]}]},{\"@type\":\"ImageObject\",\"inLanguage\":\"fr-FR\",\"@id\":\"https:\\\/\\\/pigyki.fr\\\/index.php\\\/contes-musicaux\\\/#primaryimage\",\"url\":\"https:\\\/\\\/pigyki.fr\\\/wp-content\\\/uploads\\\/2024\\\/01\\\/Tintinabulle-e1706215358545.jpeg\",\"contentUrl\":\"https:\\\/\\\/pigyki.fr\\\/wp-content\\\/uploads\\\/2024\\\/01\\\/Tintinabulle-e1706215358545.jpeg\",\"width\":320,\"height\":127},{\"@type\":\"BreadcrumbList\",\"@id\":\"https:\\\/\\\/pigyki.fr\\\/index.php\\\/contes-musicaux\\\/#breadcrumb\",\"itemListElement\":[{\"@type\":\"ListItem\",\"position\":1,\"name\":\"Accueil\",\"item\":\"https:\\\/\\\/pigyki.fr\\\/\"},{\"@type\":\"ListItem\",\"position\":2,\"name\":\"Contes musicaux\"}]},{\"@type\":\"WebSite\",\"@id\":\"https:\\\/\\\/pigyki.fr\\\/#website\",\"url\":\"https:\\\/\\\/pigyki.fr\\\/\",\"name\":\"Pigyki\",\"description\":\"C.L. al fine\",\"publisher\":{\"@id\":\"https:\\\/\\\/pigyki.fr\\\/#\\\/schema\\\/person\\\/69b76bc8a17bddaf3ffd40d3cc9a4161\"},\"potentialAction\":[{\"@type\":\"SearchAction\",\"target\":{\"@type\":\"EntryPoint\",\"urlTemplate\":\"https:\\\/\\\/pigyki.fr\\\/?s={search_term_string}\"},\"query-input\":{\"@type\":\"PropertyValueSpecification\",\"valueRequired\":true,\"valueName\":\"search_term_string\"}}],\"inLanguage\":\"fr-FR\"},{\"@type\":[\"Person\",\"Organization\"],\"@id\":\"https:\\\/\\\/pigyki.fr\\\/#\\\/schema\\\/person\\\/69b76bc8a17bddaf3ffd40d3cc9a4161\",\"name\":\"Pigyki\",\"image\":{\"@type\":\"ImageObject\",\"inLanguage\":\"fr-FR\",\"@id\":\"https:\\\/\\\/pigyki.fr\\\/wp-content\\\/uploads\\\/2023\\\/06\\\/Logo-CL.jpg\",\"url\":\"https:\\\/\\\/pigyki.fr\\\/wp-content\\\/uploads\\\/2023\\\/06\\\/Logo-CL.jpg\",\"contentUrl\":\"https:\\\/\\\/pigyki.fr\\\/wp-content\\\/uploads\\\/2023\\\/06\\\/Logo-CL.jpg\",\"width\":524,\"height\":586,\"caption\":\"Pigyki\"},\"logo\":{\"@id\":\"https:\\\/\\\/pigyki.fr\\\/wp-content\\\/uploads\\\/2023\\\/06\\\/Logo-CL.jpg\"},\"sameAs\":[\"http:\\\/\\\/pigyki.fr\"]}]}<\/script>\n<!-- \/ Yoast SEO plugin. -->","yoast_head_json":{"title":"Contes musicaux - Pigyki","robots":{"index":"index","follow":"follow","max-snippet":"max-snippet:-1","max-image-preview":"max-image-preview:large","max-video-preview":"max-video-preview:-1"},"canonical":"https:\/\/pigyki.fr\/index.php\/contes-musicaux\/","og_locale":"fr_FR","og_type":"article","og_title":"Contes musicaux - Pigyki","og_description":"Voici deux des contes musicaux que j&rsquo;ai \u00e9crits pour mes \u00e9l\u00e8ves de Rym\u00e9a, donn\u00e9s en concert.Je n&rsquo;ai malheureusement pas d&rsquo;enregistrements des 5 autres&#8230;Et une chanson, enregistr\u00e9e lors de mon dernier &hellip;","og_url":"https:\/\/pigyki.fr\/index.php\/contes-musicaux\/","og_site_name":"Pigyki","article_modified_time":"2024-01-25T20:42:48+00:00","og_image":[{"width":320,"height":127,"url":"https:\/\/pigyki.fr\/wp-content\/uploads\/2024\/01\/Tintinabulle-e1706215358545.jpeg","type":"image\/jpeg"}],"twitter_card":"summary_large_image","twitter_misc":{"Dur\u00e9e de lecture estim\u00e9e":"1 minute"},"schema":{"@context":"https:\/\/schema.org","@graph":[{"@type":"WebPage","@id":"https:\/\/pigyki.fr\/index.php\/contes-musicaux\/","url":"https:\/\/pigyki.fr\/index.php\/contes-musicaux\/","name":"Contes musicaux - Pigyki","isPartOf":{"@id":"https:\/\/pigyki.fr\/#website"},"primaryImageOfPage":{"@id":"https:\/\/pigyki.fr\/index.php\/contes-musicaux\/#primaryimage"},"image":{"@id":"https:\/\/pigyki.fr\/index.php\/contes-musicaux\/#primaryimage"},"thumbnailUrl":"https:\/\/pigyki.fr\/wp-content\/uploads\/2024\/01\/Tintinabulle-e1706215358545.jpeg","datePublished":"2024-01-25T20:39:26+00:00","dateModified":"2024-01-25T20:42:48+00:00","breadcrumb":{"@id":"https:\/\/pigyki.fr\/index.php\/contes-musicaux\/#breadcrumb"},"inLanguage":"fr-FR","potentialAction":[{"@type":"ReadAction","target":["https:\/\/pigyki.fr\/index.php\/contes-musicaux\/"]}]},{"@type":"ImageObject","inLanguage":"fr-FR","@id":"https:\/\/pigyki.fr\/index.php\/contes-musicaux\/#primaryimage","url":"https:\/\/pigyki.fr\/wp-content\/uploads\/2024\/01\/Tintinabulle-e1706215358545.jpeg","contentUrl":"https:\/\/pigyki.fr\/wp-content\/uploads\/2024\/01\/Tintinabulle-e1706215358545.jpeg","width":320,"height":127},{"@type":"BreadcrumbList","@id":"https:\/\/pigyki.fr\/index.php\/contes-musicaux\/#breadcrumb","itemListElement":[{"@type":"ListItem","position":1,"name":"Accueil","item":"https:\/\/pigyki.fr\/"},{"@type":"ListItem","position":2,"name":"Contes musicaux"}]},{"@type":"WebSite","@id":"https:\/\/pigyki.fr\/#website","url":"https:\/\/pigyki.fr\/","name":"Pigyki","description":"C.L. al fine","publisher":{"@id":"https:\/\/pigyki.fr\/#\/schema\/person\/69b76bc8a17bddaf3ffd40d3cc9a4161"},"potentialAction":[{"@type":"SearchAction","target":{"@type":"EntryPoint","urlTemplate":"https:\/\/pigyki.fr\/?s={search_term_string}"},"query-input":{"@type":"PropertyValueSpecification","valueRequired":true,"valueName":"search_term_string"}}],"inLanguage":"fr-FR"},{"@type":["Person","Organization"],"@id":"https:\/\/pigyki.fr\/#\/schema\/person\/69b76bc8a17bddaf3ffd40d3cc9a4161","name":"Pigyki","image":{"@type":"ImageObject","inLanguage":"fr-FR","@id":"https:\/\/pigyki.fr\/wp-content\/uploads\/2023\/06\/Logo-CL.jpg","url":"https:\/\/pigyki.fr\/wp-content\/uploads\/2023\/06\/Logo-CL.jpg","contentUrl":"https:\/\/pigyki.fr\/wp-content\/uploads\/2023\/06\/Logo-CL.jpg","width":524,"height":586,"caption":"Pigyki"},"logo":{"@id":"https:\/\/pigyki.fr\/wp-content\/uploads\/2023\/06\/Logo-CL.jpg"},"sameAs":["http:\/\/pigyki.fr"]}]}},"_links":{"self":[{"href":"https:\/\/pigyki.fr\/index.php\/wp-json\/wp\/v2\/pages\/1708","targetHints":{"allow":["GET"]}}],"collection":[{"href":"https:\/\/pigyki.fr\/index.php\/wp-json\/wp\/v2\/pages"}],"about":[{"href":"https:\/\/pigyki.fr\/index.php\/wp-json\/wp\/v2\/types\/page"}],"author":[{"embeddable":true,"href":"https:\/\/pigyki.fr\/index.php\/wp-json\/wp\/v2\/users\/1"}],"replies":[{"embeddable":true,"href":"https:\/\/pigyki.fr\/index.php\/wp-json\/wp\/v2\/comments?post=1708"}],"version-history":[{"count":1,"href":"https:\/\/pigyki.fr\/index.php\/wp-json\/wp\/v2\/pages\/1708\/revisions"}],"predecessor-version":[{"id":1709,"href":"https:\/\/pigyki.fr\/index.php\/wp-json\/wp\/v2\/pages\/1708\/revisions\/1709"}],"wp:featuredmedia":[{"embeddable":true,"href":"https:\/\/pigyki.fr\/index.php\/wp-json\/wp\/v2\/media\/1710"}],"wp:attachment":[{"href":"https:\/\/pigyki.fr\/index.php\/wp-json\/wp\/v2\/media?parent=1708"}],"curies":[{"name":"wp","href":"https:\/\/api.w.org\/{rel}","templated":true}]}}